) + 5 + (-46 - -17 - 89).
-113
Evaluate -1 - -39 - (-232 + 255) - 141.
-126
Evaluate 23 - (11 - (3 + 5 + -6)).
14
87 - ((-11 - -1) + ((29 - 15) + -6 - -2))
87
Evaluate 2 + 1 + (-31 + 26 - -11) + 7 + 73.
89
Calculate 145 + -84 - (2 + (6 - 1) + -4 + 0).
58
Evaluate -522 - -434 - (9 - 46 - -9).
-60
(3 - -1) + -140 + -106 + 98 + 1
-143
What is the value of (46 - 146 - -2) + 134?
36
What is -35 - (-4 + -2 - (95 - 112) - 6)?
-40
3 + (1 - 0) - (-21 + 82 + -31)
-26
13 + 7 + -8 + 6 + -5 - -14
27
Calculate -36 + -77 + 87 - 51.
-77
Calculate (-1 - -2) + (-9 - 3 - -10 - -35).
34
Calculate 1039 + -1201 + (-7 - -103).
-66
-17 + 13 + (10 - (5 + (-3 - -9)))
-5
What is -28 - ((24 - 11) + -30) - (-2 + -2 + 0)?
-7
What is -25 + (-10 - -48) + (-103 - -2 - -2 - 2)?
-88
What is 31 + -43 + -55 + 39 - 93?
-121
87 + (-316 + 290 - (3 - 11 - 5))
74
-1 - (9 + 11 + 24 + -27 + -28)
10
Evaluate 83 - (54 + -6 + -9).
44
What is -9 + 3 - (26 - -1 - 21 - (4 - -105))?
97
What is 39 + (26 - 26) + (0 - 0) + 15?
54
What is the value of (147 - 141) + 60 + 0 + 3 + 24 + -34?
59
What is 53 + 10 - 9 - -23?
77
What is the value of 3 - (77 + -59) - (4 - 26)?
7
What is the value of -3 - ((-1 - -1) + (-16 - -2) + -198 + 222)?
-13
Calculate 2 + -3 - (-19 - (28 + -26) - -12) - -45.
53
What is the value of 41 - 1 - (-307 - (213 + -590))?
-30
What is -7 + (37 - -2) - 28 - (-49 - 0)?
53
What is 12 + 94 + (-25 - (-6 + 1))?
86
What is (4941 - 4908) + (-3 - (-2 - -4))?
28
Calculate 84 - (54 - -35) - -3.
-2
-52 + (65 + 55 - 47)
21
Calculate (3 - -13) + (19 - (5 + -9 - -5)).
34
Evaluate 5 + 86 - (85 + 36).
-30
What is the value of 7 - (-21 - 20 - -88)?
-40
Evaluate -17 + -1 - (85 + -73 - (94 - -2)).
66
What is 5 + (2 - 16 - (9 + (20 - 16) - -90))?
-112
What is the value of 29 + 8 + 3 - (312 + -301)?
29
Calculate -1 + -19 + (10 - 11 - 8) + 23.
-6
Evaluate (29 - -2) + (-1159 - -1161).
33
What is 27 + (35 - (20 - 3))?
45
-21 + 17 - 7 - (-61 - 13)
63
-21 + 23 + 19 + -21 + 33
33
Evaluate 69 + -17 - (438 - 397).
11
What is the value of (28 - 28) + -10 + 10 + -8 + (5 - 2)?
-5
2 - 13 - (-7 + (24 - -5) + -12)
-21
Calculate -9 - -66 - 62 - (2 + 94 - 1).
-100
Calculate -73 - -46 - (-12 - 32).
17
4 + -37 + (9 - (-9 - (-7 - 4 - 4)))
-30
Evaluate 99 + (-150 - -91) - 63.
-23
What is -6 + 5 + 11 + 5 + -46?
-31
What is the value of -361 + 279 + (1 - -20)?
-61
What is 5 + 7 + -5 + (-23 - 9) + (2 - 5)?
-28
Calculate 4 + (-17 - (-3 - (13 + -2 + -8))).
-7
17 + -80 + 39 + 57
33
Evaluate 71 - ((25 - (-25 - -35)) + -4).
60
What is the value of -4 - -4 - -20 - (62 + -31 + -47)?
36
Calculate -13 + (40 - -43) - 18.
52
Calculate (58 - 29) + -89 - -11.
-49
What is 33 + (-6 - (-2 + (0 - 1) + -9))?
39
Calculate (-4 - (-22 + 0 + 3)) + -1462 + 1546.
99
Evaluate (1 + -8 - (25 - (-16 + -3))) + (-3 - -14).
-40
Evaluate -19 - ((13 - -42) + (2 - 29)).
-47
(24 - -13 - (1 - -2 - 4)) + 12 + -13
37
What is 2 + 2 + -14 + 151 + 12 + -20 + -7?
126
What is 1 + 11 - (-83 + 198 + -59) - 11?
-55
What is the value of -2 + (7 - 1 - 14) + -91 + (4 - -9)?
-88
Evaluate 37 + -82 + 158 + (2 - 20).
95
What is the value of (-29 + -3 - (-2 + 5)) + (6739 - 6731)?
-27
Calculate 3 + 5 + -1 + (0 - (5 - (-3 - -13))).
12
What is the value of (10 + -3 - 9) + 5 + (-10 - -27 - 92)?
-72
Evaluate -35 + -27 + 28 + 0 + -18.
-52
What is -9 - -5 - (-21 - (-11 + 51) - -6)?
51
What is the value of 429 - 461 - ((-1 - -3) + 2) - 3?
-39
What is (-1 - (-55 + (2 - 3))) + -290 + 198 + 93?
56
Evaluate -66 + -2 + 3 - (30 + 14 - 27).
-82
-1 - -19 - (47 - (51 - 17))
5
What is 10 - (21 + 4 + -67 + -40)?
92
What is 0 + 15 - (6 + 18 + (-49 - -6) + 13)?
21
Calculate 39 + (5 - -8) + (-171 - -172).
53
Evaluate 5 + (4 - 1) + (7 - -15 - 15) + 125.
140
Evaluate (-1 - -2) + (0 - (9 + 34 + 20 + -22)).
-40
(-16 - -62) + -33 + -8
5
Evaluate -15 - (75 + 5 + -56).
-39
What is the value of (-7 - (-2 + -28)) + -9 - 35?
-21
Evaluate 17 + (124 - 297) + 7 + 4 + 13.
-132
-7 - (22 + -4) - -35
10
Evaluate -39 - (-2 - -5 - 2 - (72 + -78)).
-46
Calculate (0 - 1) + -20 + (-131 - -188).
36
Calculate 58 - (-3 + 61) - (6 + -33).
27
What is the value of 4 + (1 - -4) - ((-33 - -24) + (-7 - -28))?
-3
What is the value of (-99 + 65 - 69) + 39?
-64
What is the value of -70 - -76 - 10 - 49?
-53
Calculate (2 - -2) + 58 + (-34 + -25 - -59) + 14.
76
Evaluate (-19 - 169 - -181) + (0 - 61).
-68
What is -23 + 44 - (26 + -13) - 6?
2
-14 + (-12 - -7 - (-10 + 9) - -9)
-9
Evaluate (-46 - -8) + 0 + -10.
-48
What is (-10 - -21) + -31 + -6 + 10?
-16
Evaluate (3 - -8 - -7) + (37 - (21 - 51)).
85
What is 76 + 5 + -944 + 880?
17
Calculate -1 + 6 + -8 + -50 + -270 + 261.
-62
(-11 - 1) + 433 + -431 + 21 + 2
13
What is the value of -492 + 514 + 9 + 3 + 3?
37
Calculate -19 + -19 + (2 - -26) + -3.
-13
Calculate (-48 + 52 - -38) + (-27 - 16).
-1
Evaluate -48 - (43 + -32) - -34.
-25
Calculate -32 + 1 + -3021 + 3029.
-23
What is 21 + -10 + 38 + -1 + -12?
36
Calculate -20 + 117 + -136 + 36.
-3
Calculate (-1 - 20) + -7 - (-3 + (1 - (4 + 3))).
-19
Calculate (1 - -35) + (-147 - -34) + 114.
37
What is the value of 8 + -51 - (-61 + 11)?
7
Calculate (-63 - -64) + 12 + -1 + (-41 - -1).
-28
What is -13 - (4 + 6 + (-4 + 12 - (13 - 12)))?
-30
What is the value of 219 - 82 - (72 + 0)?
65
What is the value of (37 - -45 - 14) + -133?
-65
Evaluate 15 + (-14 + 24 - 7) - -30.
48
Calculate (-3 - (17 - (15 + -9))) + 137 - (0 + 0).
123
Evaluate (-151 - -131 - 14) + -51.
-85
What is -10 + (-9 - -7) - -14 - (3 - -45)?
-46
Calculate (14 - (20 + (-33 - -21))) + (-103 - -5) + 4.
-88
What is -61 + (8 - -25 - 40 - (8 - 31))?
-45
What is -4 - ((0 - -1) + -11 + -4 + 45)?
-35
Calculate 9 + -12 + 2 - -15 - 3.
11
Calculate -3 - 18 - -7 - 5 - (-105 + 10).
76
What is (-63 - 11 - -207) + -61?
72
Evaluate -16 + 137 + -16 + -21 - 30.
54
-47 + 1 + (-167 - (-151 + -11))
-51
What is the value of -30 - ((-41 - -33) + -113 - -32)?
59
What is the value of (7 - -28) + -42 + -13 + -70?
-90
What is (17 - 23) + 19 + (2 - 0 - -3)?
18
What is the value of -1 + (-91 - (-6 + 18)) - -31?
-73
Evaluate (59 - 92 - 3) + 1.
-35
67 + (-163 - -139) + -40
3
What is -19 - ((46 - (-5 + 19)) + -4 + -8 - 11)?
-28
What is the value of -62 - (1651 + -1649 - (1 - -26))?
-37
Calculate 120 - (44 - (29 + -118)).
-13
Calculate (11 - 2 - (7 - 12)) + (-12 - (6 - 4)).
0
Calculate -3 + (-23 - 16) + (-14 + 14 - 8).
-50
Calculate -2 + ((48 - 22) + -14 - -3).
13
10 + -52 - (37 - 23 - 35)
-21
-19 + 30 - (-56 + 1 + 5 + (-2 - -3))
60
What is (0 - (-129 + 161) - (0 + -6)) + 23?
-3
Calculate 2 - 2 - (55 - 1 - 51) - 29.
-32
Evaluate (-81 - (-27 + 17)) + (8 - 13) + 4.
-72
What is the value of (-10 - -6) + -45 - (207 + -213)?
-43
What is -207 + 139 - -56 - (-87 - 1)?
76
Calculate -65 + (-26 - (-27 + 26) - (-26 + 1)).
-65
What is 1 + (16 - 1 - -16 - 23) + -41 + 1?
-31
Calculate -26 - (-12 + -2 + (6 - 2) + 3).
-19
-17 - (48 - (-29 + 74))
-20
What is the value of 12 + -1 + (19 - 24) + (2 - (-21 + 48))?
-19
What is (82 - 72) + (35 - 17) + -44?
-16
Calculate (49 - 5 - (1 + (3 - 17))) + 3.
60
Evaluate (-1 - 112 - -159) + -57.
-11
What is 191 + -76 - (10 + 60)?
45
What is -1 + (53 - 8) + -35 - (-1 + 3 + 46)?
-39
Evaluate 4 + (-71 + 61 - (-2 - 1)) - -97.
94
-9 + (-14 - (25 - 22)) - -24 - (0 - 102)
100
Evaluate 3 + -8 + 9 + (-5 - 2) - (-74 - -6).
65
Evaluate -16 - ((18 - 0 - -10) + -15).
-29
What is the value of 3 + 0 - (945 - 961 - (0 + -9))?
10
-50 + 171 + 72 + -101
92
Evaluate 34 - ((-23 - -7) + 36).
14
What is 21 + -6 + (35 - 50) + (34 - -1)?
35
What is 26 + -1 - 31 - (-29 - 65)?
88
9 + (19 - (-7 + 14) - 8) + -36
-23
What is the value of (-59 - -36 - -13) + 14 - (1 + -42)?
45
Evaluate (-3 - -122) + -5927 + 5850.
42
What is the value of -53 + 46 - 17 - -29?
5
Evaluate (0 - -41) + (-36 - -38 - -5).
48
What is the value of (0 - (-31 - -20)) + -30 + 30 + -80?
-69
(10 + -12 - -12) + -36 + (-2 + -8 - -1)
-35
Evaluate -7300 + 7301 + (-35 - (-1 + 2)).
-35
What is -2 + 17 - (-30 + (13 - 11))?
43
139 + -74 + 30 + -83
12
Evaluate 90 + -62 + 56 + 20 + 6.
110
Calculate -2 - -1 - ((305 - 293) + (-6 - 0)).
-7
-1 + -17 + (4 - -95 - -13 - 7)
87
23 - (3 - (-4 + (20 - 19))) - -4
21
What is the value of (17 - 1) + (-54 - (-40 + -21))?
23
Calculate 19 - (3 - -2 - (-77 + 84)).
21
Calculate (-2 + -11 - (36 - 73)) + -92.
-68
What is the value of 110 